{"id":20,"date":"2022-03-18T12:54:58","date_gmt":"2022-03-18T12:54:58","guid":{"rendered":"https:\/\/themexriver.com\/wp\/aginco\/?page_id=20"},"modified":"2024-06-30T18:43:25","modified_gmt":"2024-06-30T18:43:25","slug":"iletisim","status":"publish","type":"page","link":"https:\/\/www.tuzla.web.tr\/index.php\/iletisim\/","title":{"rendered":"\u0130leti\u015fim sayfas\u0131"},"content":{"rendered":"\t\t<div data-elementor-type=\"wp-page\" data-elementor-id=\"20\" class=\"elementor elementor-20\">\n\t\t\t\t\t\t<section class=\"elementor-section elementor-top-section elementor-element elementor-element-56601f2 elementor-section-boxed elementor-section-height-default elementor-section-height-default\" data-id=\"56601f2\" data-element_type=\"section\" data-e-type=\"section\">\n\t\t\t\t\t\t<div class=\"elementor-container elementor-column-gap-default\">\n\t\t\t\t\t<div class=\"elementor-column elementor-col-33 elementor-top-column elementor-element elementor-element-cce5d92\" data-id=\"cce5d92\" data-element_type=\"column\" data-e-type=\"column\">\n\t\t\t<div class=\"elementor-widget-wrap elementor-element-populated\">\n\t\t\t\t\t\t<div class=\"elementor-element elementor-element-956720e elementor-widget elementor-widget-aginco_contact_infos\" data-id=\"956720e\" data-element_type=\"widget\" data-e-type=\"widget\" data-widget_type=\"aginco_contact_infos.default\">\n\t\t\t\t<div class=\"elementor-widget-container\">\n\t\t\t\t\t\t\r\n    <!-- Contact Page Section -->\r\n    \t<div class=\"auto-container\">\r\n        \t<div class=\"row clearfix\">\r\n\t\t\t\t\t\t\t\t<!-- Contact Info Block -->\r\n\t\t\t\t<div class=\"contact-info-block\">\r\n\t\t\t\t\t<div class=\"inner-box\">\r\n\t\t\t\t\t\t<div class=\"content\">\r\n\t\t\t\t\t\t\t<span class=\"icon flaticon-email-3\"><\/span>\t\t\t\t\t\t\t<h4>Mail Adres<\/h4>\t\t\t\t\t\t\tinfo@tuzla.web.tr\t\t\t\t\t\t<\/div>\r\n\t\t\t\t\t<\/div>\r\n\t\t\t\t<\/div>\r\n\t\t\t\t\t\t\t\t<!-- Contact Info Block -->\r\n\t\t\t\t<div class=\"contact-info-block\">\r\n\t\t\t\t\t<div class=\"inner-box\">\r\n\t\t\t\t\t\t<div class=\"content\">\r\n\t\t\t\t\t\t\t<span class=\"icon flaticon-map\"><\/span>\t\t\t\t\t\t\t<h4>Ofis Adres<\/h4>\t\t\t\t\t\t\tAyd\u0131ntepe, Ye\u015fildere Cd. No:45\/B, 34947 Tuzla\/\u0130stanbul\t\t\t\t\t\t<\/div>\r\n\t\t\t\t\t<\/div>\r\n\t\t\t\t<\/div>\r\n\t\t\t\t\t\t\t\t<!-- Contact Info Block -->\r\n\t\t\t\t<div class=\"contact-info-block\">\r\n\t\t\t\t\t<div class=\"inner-box\">\r\n\t\t\t\t\t\t<div class=\"content\">\r\n\t\t\t\t\t\t\t<span class=\"icon flaticon-telephone\"><\/span>\t\t\t\t\t\t\t<h4>Telefon No<\/h4>\t\t\t\t\t\t\t+90537-705-64-80\t\t\t\t\t\t<\/div>\r\n\t\t\t\t\t<\/div>\r\n\t\t\t\t<\/div>\r\n\t\t\t\t\t\t\t<\/div>\t\t\t\r\n        <\/div>\r\n    <!-- End Contact Page Section -->\r\n\t\r\n        \t\t\t\t<\/div>\n\t\t\t\t<\/div>\n\t\t\t\t\t<\/div>\n\t\t<\/div>\n\t\t\t\t<div class=\"elementor-column elementor-col-66 elementor-top-column elementor-element elementor-element-748f25d\" data-id=\"748f25d\" data-element_type=\"column\" data-e-type=\"column\">\n\t\t\t<div class=\"elementor-widget-wrap elementor-element-populated\">\n\t\t\t\t\t\t<div class=\"elementor-element elementor-element-7bef8a1 elementor-widget elementor-widget-aginco_google_map\" data-id=\"7bef8a1\" data-element_type=\"widget\" data-e-type=\"widget\" data-widget_type=\"aginco_google_map.default\">\n\t\t\t\t<div class=\"elementor-widget-container\">\n\t\t\t\t\t\t\t\r\n        \r\n        <!-- Map Section -->\r\n\t<section class=\"contact-map-section\">\r\n\t\t<div class=\"outer-container\">\r\n\t\t\t            <!-- Map Boxed -->\r\n\t\t\t<div class=\"map-boxed\">\r\n\t\t\t\t<!--Map Outer-->\r\n\t\t\t\t<div class=\"map-outer\">\r\n\t\t\t\t\t<iframe src=\"https:\/\/www.google.com\/maps\/embed?pb=!1m14!1m8!1m3!1d12071.248167143096!2d29.2988736!3d40.8540503!3m2!1i1024!2i768!4f13.1!3m3!1m2!1s0x14cadc6b9e06d55d%3A0x5de13a032e66e0bf!2sTuzla.Web.Tr!5e0!3m2!1str!2str!4v1704102078779!5m2!1str!2str\" width=\"600\" height=\"450\" style=\"border:0;\" allowfullscreen=\"\" loading=\"lazy\" referrerpolicy=\"no-referrer-when-downgrade\"><\/iframe>\t\t\t\t<\/div>\r\n\t\t\t<\/div>\r\n            \t\t<\/div>\r\n\t<\/section>\r\n\t<!-- End Map Section -->\r\n            \r\n     \r\n\r\n        \t\t\t\t<\/div>\n\t\t\t\t<\/div>\n\t\t\t\t\t<\/div>\n\t\t<\/div>\n\t\t\t\t\t<\/div>\n\t\t<\/section>\n\t\t\t\t<section class=\"elementor-section elementor-top-section elementor-element elementor-element-ba8b9a6 elementor-section-full_width elementor-section-height-default elementor-section-height-default\" data-id=\"ba8b9a6\" data-element_type=\"section\" data-e-type=\"section\">\n\t\t\t\t\t\t<div class=\"elementor-container elementor-column-gap-default\">\n\t\t\t\t\t<div class=\"elementor-column elementor-col-100 elementor-top-column elementor-element elementor-element-b23d42a\" data-id=\"b23d42a\" data-element_type=\"column\" data-e-type=\"column\">\n\t\t\t<div class=\"elementor-widget-wrap elementor-element-populated\">\n\t\t\t\t\t\t<div class=\"elementor-element elementor-element-b198a17 elementor-widget elementor-widget-aginco_contact_us\" data-id=\"b198a17\" data-element_type=\"widget\" data-e-type=\"widget\" data-widget_type=\"aginco_contact_us.default\">\n\t\t\t\t<div class=\"elementor-widget-container\">\n\t\t\t\t\t\t\n    <!-- Contact Page Section -->\n    <section class=\"contact-page-section\">\n    \t<div class=\"auto-container\">\n\t\t\t<!-- Contact Form Box -->\n\t\t\t<div class=\"contact-form-box\">\n\t\t\t\t<!-- Contact Form -->\n\t\t\t\t<div class=\"contact-form\">\n\t\t\t\t\t                    <!-- Title Box -->\n\t\t\t\t\t<div class=\"title-box\">\n\t\t\t\t\t\t<h2>Bize Bir Mesaj B\u0131rak\u0131n<\/h2>\t\t\t\t\t\t<div class=\"text\"> E-posta hesab\u0131n\u0131z yay\u0131mlanmayacak. Gerekli alanlar i\u015faretlendi *<\/div>\t\t\t\t\t<\/div>\n                    \t\t\t\t\t\t\t\t\t\t\t\n<div class=\"wpcf7 no-js\" id=\"wpcf7-f447-o1\" lang=\"en-US\" dir=\"ltr\" data-wpcf7-id=\"447\">\n<div class=\"screen-reader-response\"><p role=\"status\" aria-live=\"polite\" aria-atomic=\"true\"><\/p> <ul><\/ul><\/div>\n<form action=\"\/index.php\/wp-json\/wp\/v2\/pages\/20#wpcf7-f447-o1\" method=\"post\" class=\"wpcf7-form init\" aria-label=\"Contact form\" novalidate=\"novalidate\" data-status=\"init\">\n<fieldset class=\"hidden-fields-container\"><input type=\"hidden\" name=\"_wpcf7\" value=\"447\" \/><input type=\"hidden\" name=\"_wpcf7_version\" value=\"6.1.5\" \/><input type=\"hidden\" name=\"_wpcf7_locale\" value=\"en_US\" \/><input type=\"hidden\" name=\"_wpcf7_unit_tag\" value=\"wpcf7-f447-o1\" \/><input type=\"hidden\" name=\"_wpcf7_container_post\" value=\"0\" \/><input type=\"hidden\" name=\"_wpcf7_posted_data_hash\" value=\"\" \/>\n<\/fieldset>\n<div class=\"row clearfix\">\n\t<div class=\"form-group col-lg-6 col-md-6 col-sm-12\">\n\t\t<p><span class=\"icon flaticon-user-3\"><\/span><span class=\"wpcf7-form-control-wrap\" data-name=\"text-49\"><input size=\"40\" maxlength=\"400\" class=\"wpcf7-form-control wpcf7-text wpcf7-validates-as-required\" aria-required=\"true\" aria-invalid=\"false\" placeholder=\"Ad\u0131n\u0131z\u0131 giriniz*\" value=\"\" type=\"text\" name=\"text-49\" \/><\/span>\n\t\t<\/p>\n\t<\/div>\n\t<div class=\"form-group col-lg-6 col-md-6 col-sm-12\">\n\t\t<p><span class=\"icon flaticon-email-3\"><\/span><span class=\"wpcf7-form-control-wrap\" data-name=\"email-986\"><input size=\"40\" maxlength=\"400\" class=\"wpcf7-form-control wpcf7-email wpcf7-validates-as-required wpcf7-text wpcf7-validates-as-email\" aria-required=\"true\" aria-invalid=\"false\" placeholder=\"Postan\u0131z\u0131 girin*\" value=\"\" type=\"email\" name=\"email-986\" \/><\/span>\n\t\t<\/p>\n\t<\/div>\n\t<div class=\"form-group col-lg-6 col-md-6 col-sm-12\">\n\t\t<p><span class=\"icon flaticon-chat-1\"><\/span><span class=\"wpcf7-form-control-wrap\" data-name=\"text-50\"><input size=\"40\" maxlength=\"400\" class=\"wpcf7-form-control wpcf7-text wpcf7-validates-as-required\" aria-required=\"true\" aria-invalid=\"false\" placeholder=\"Hizmetler*\" value=\"\" type=\"text\" name=\"text-50\" \/><\/span>\n\t\t<\/p>\n\t<\/div>\n\t<div class=\"form-group col-lg-6 col-md-6 col-sm-12\">\n\t\t<p><span class=\"icon flaticon-call-2\"><\/span><span class=\"wpcf7-form-control-wrap\" data-name=\"text-51\"><input size=\"40\" maxlength=\"400\" class=\"wpcf7-form-control wpcf7-text wpcf7-validates-as-required\" aria-required=\"true\" aria-invalid=\"false\" placeholder=\"Telefon Numaras\u0131n\u0131 Girin*\" value=\"\" type=\"text\" name=\"text-51\" \/><\/span>\n\t\t<\/p>\n\t<\/div>\n\t<div class=\"form-group col-lg-12 col-md-12 col-sm-12\">\n\t\t<p><span class=\"icon flaticon-pen\"><\/span><span class=\"wpcf7-form-control-wrap\" data-name=\"textarea-866\"><textarea cols=\"40\" rows=\"10\" maxlength=\"2000\" class=\"wpcf7-form-control wpcf7-textarea wpcf7-validates-as-required\" aria-required=\"true\" aria-invalid=\"false\" placeholder=\"Masaj\u0131n\u0131z\u0131 girin*\" name=\"textarea-866\"><\/textarea><\/span>\n\t\t<\/p>\n\t<\/div>\n\t<div class=\"form-group col-lg-12 col-md-12 col-sm-12\">\n\t\t<p><button type=\"submit\" class=\"theme-btn btn-style-seven\"><span class=\"txt\">\u015eimdi g\u00f6nder<\/span><\/button>\n\t\t<\/p>\n\t<\/div>\n<\/div><div class=\"wpcf7-response-output\" aria-hidden=\"true\"><\/div>\n<\/form>\n<\/div>\n                    \t\n\t\t\t\t<\/div>\n\t\t\t\t<!-- eND Contact Form -->\n\t\t\t<\/div>\n\t\t\t\n        <\/div>\n    <\/section>\n    <!-- End Contact Page Section -->\n\t\n        \t\t\t\t<\/div>\n\t\t\t\t<\/div>\n\t\t\t\t\t<\/div>\n\t\t<\/div>\n\t\t\t\t\t<\/div>\n\t\t<\/section>\n\t\t\t\t<\/div>\n\t\t","protected":false},"excerpt":{"rendered":"<p>Mail Adres info@tuzla.web.tr Ofis Adres Ayd\u0131ntepe, Ye\u015fildere Cd. No:45\/B, 34947 Tuzla\/\u0130stanbul Telefon No +90537-705-64-80 Bize Bir Mesaj B\u0131rak\u0131n E-posta hesab\u0131n\u0131z yay\u0131mlanmayacak. Gerekli alanlar i\u015faretlendi * Submit Now<\/p>\n","protected":false},"author":1,"featured_media":0,"parent":0,"menu_order":0,"comment_status":"closed","ping_status":"closed","template":"tpl-default-elementor.php","meta":{"footnotes":""},"class_list":["post-20","page","type-page","status-publish","hentry"],"_links":{"self":[{"href":"https:\/\/www.tuzla.web.tr\/index.php\/wp-json\/wp\/v2\/pages\/20","targetHints":{"allow":["GET"]}}],"collection":[{"href":"https:\/\/www.tuzla.web.tr\/index.php\/wp-json\/wp\/v2\/pages"}],"about":[{"href":"https:\/\/www.tuzla.web.tr\/index.php\/wp-json\/wp\/v2\/types\/page"}],"author":[{"embeddable":true,"href":"https:\/\/www.tuzla.web.tr\/index.php\/wp-json\/wp\/v2\/users\/1"}],"replies":[{"embeddable":true,"href":"https:\/\/www.tuzla.web.tr\/index.php\/wp-json\/wp\/v2\/comments?post=20"}],"version-history":[{"count":16,"href":"https:\/\/www.tuzla.web.tr\/index.php\/wp-json\/wp\/v2\/pages\/20\/revisions"}],"predecessor-version":[{"id":1297,"href":"https:\/\/www.tuzla.web.tr\/index.php\/wp-json\/wp\/v2\/pages\/20\/revisions\/1297"}],"wp:attachment":[{"href":"https:\/\/www.tuzla.web.tr\/index.php\/wp-json\/wp\/v2\/media?parent=20"}],"curies":[{"name":"wp","href":"https:\/\/api.w.org\/{rel}","templated":true}]}}